{"id":2294,"date":"2022-11-09T13:29:26","date_gmt":"2022-11-09T13:29:26","guid":{"rendered":"https:\/\/www.villahase.at\/?page_id=2294"},"modified":"2023-01-25T16:25:34","modified_gmt":"2023-01-25T15:25:34","slug":"2294-2","status":"publish","type":"page","link":"https:\/\/www.villahase.at\/?page_id=2294","title":{"rendered":"Stillvorbereitung"},"content":{"rendered":"<p>[et_pb_section fb_built=&#8220;1&#8243; _builder_version=&#8220;4.16&#8243; custom_padding=&#8220;||75px|||&#8220; top_divider_style=&#8220;clouds2&#8243; top_divider_color=&#8220;#d8bee2&#8243; bottom_divider_style=&#8220;clouds2&#8243; bottom_divider_color=&#8220;#d8bee2&#8243; global_colors_info=&#8220;{}&#8220;][et_pb_row _builder_version=&#8220;4.16&#8243; custom_padding=&#8220;71px|||||&#8220; global_colors_info=&#8220;{}&#8220;][et_pb_column type=&#8220;4_4&#8243; _builder_version=&#8220;4.16&#8243; global_colors_info=&#8220;{}&#8220;][et_pb_text _builder_version=&#8220;4.19.0&#8243; text_font=&#8220;Acme|700|||||||&#8220; text_text_color=&#8220;#c83280&#8243; text_font_size=&#8220;30px&#8220; text_orientation=&#8220;center&#8220; min_height=&#8220;15px&#8220; custom_padding=&#8220;||6px|||&#8220; global_colors_info=&#8220;{}&#8220;]<\/p>\n<p style=\"text-align: center;\"><span>Stillvorbereitung<\/span><\/p>\n<p>[\/et_pb_text][\/et_pb_column][\/et_pb_row][et_pb_row column_structure=&#8220;3_5,2_5&#8243; _builder_version=&#8220;4.16&#8243; width=&#8220;84.2%&#8220; min_height=&#8220;306px&#8220; custom_margin=&#8220;19px|141px||141px||true&#8220; custom_margin_phone=&#8220;1px|41px||41px|false|true&#8220; custom_padding=&#8220;39px||0px|||&#8220; global_colors_info=&#8220;{}&#8220;][et_pb_column type=&#8220;3_5&#8243; _builder_version=&#8220;4.16&#8243; global_colors_info=&#8220;{}&#8220;][et_pb_text _builder_version=&#8220;4.19.4&#8243; text_font=&#8220;Actor||||||||&#8220; text_font_size=&#8220;16px&#8220; global_colors_info=&#8220;{}&#8220;]<\/p>\n<p><strong>Stillen ist nat\u00fcrlich und einfach \u2013 wenn Du wei\u00dft, wie.<br \/>Du erf\u00e4hrst:<\/p>\n<p>Online Stillvorbereitung in 2 Teilen von <a href=\"https:\/\/lalecheliga.at\" target=\"_blank\" rel=\"noopener\">La Leche Liga. <\/a><br \/><\/strong><\/p>\n<ul>\n<li>wie Du dein Baby korrekt anlegst.<\/li>\n<li>wie Du erkennst, ob Dein Baby genug Milch bekommt.<\/li>\n<li>wie Du Stillh\u00fcrden \u00fcberwinden kannst.<\/li>\n<li>was Dir den Alltag erleichtern kann.<\/li>\n<\/ul>\n<p>Auch Papas, Partner*innen, Gro\u00dfeltern und andere sind herzlich willkommen.<br \/>Sie erfahren, wie sie die Mamas beim Stillen unterst\u00fctzen k\u00f6nnen.<\/p>\n<p>&nbsp;<\/p>\n<p><span style=\"font-size: 15px;\"><\/span><br \/><span><\/span><\/p>\n<p>[\/et_pb_text][\/et_pb_column][et_pb_column type=&#8220;2_5&#8243; _builder_version=&#8220;4.16&#8243; global_colors_info=&#8220;{}&#8220;][et_pb_image src=&#8220;https:\/\/www.villahase.at\/wp-content\/uploads\/2020\/09\/Stillhase-scaled.jpg&#8220; title_text=&#8220;Stillhase&#8220; _builder_version=&#8220;4.19.0&#8243; _module_preset=&#8220;default&#8220; max_height=&#8220;384px&#8220; custom_margin=&#8220;-26px|||||&#8220; global_colors_info=&#8220;{}&#8220;][\/et_pb_image][\/et_pb_column][\/et_pb_row][et_pb_row _builder_version=&#8220;4.16&#8243; background_color=&#8220;#d8bee2&#8243; min_height_tablet=&#8220;&#8220; min_height_phone=&#8220;139px&#8220; min_height_last_edited=&#8220;on|phone&#8220; custom_margin=&#8220;30px|138px||138px||true&#8220; custom_margin_phone=&#8220;54px|||45px|false|false&#8220; custom_padding=&#8220;3px||22px|||&#8220; border_radii=&#8220;on|10px|10px|10px|10px&#8220; box_shadow_style=&#8220;preset1&#8243; box_shadow_blur=&#8220;10px&#8220; box_shadow_spread=&#8220;2px&#8220; global_colors_info=&#8220;{}&#8220;][et_pb_column type=&#8220;4_4&#8243; _builder_version=&#8220;4.16&#8243; global_colors_info=&#8220;{}&#8220;][et_pb_text _builder_version=&#8220;4.18.0&#8243; text_font=&#8220;Actor||||||||&#8220; text_text_color=&#8220;#c83280&#8243; text_font_size=&#8220;18px&#8220; text_line_height=&#8220;1.8em&#8220; text_orientation=&#8220;center&#8220; max_width=&#8220;100%&#8220; min_height=&#8220;81px&#8220; custom_margin=&#8220;-12px||-39px||false|false&#8220; global_colors_info=&#8220;{}&#8220;]<\/p>\n<p><span><\/span><\/p>\n<p><span>In unserer Stillgruppe kommt es zum Austausch von Mutter zu Mutter, Erfahrungen werden geteilt und offene Fragen beantwortet.<\/span><\/p>\n<p>[\/et_pb_text][\/et_pb_column][\/et_pb_row][et_pb_row _builder_version=&#8220;4.16&#8243; _module_preset=&#8220;default&#8220; custom_margin=&#8220;12px|auto||138px||&#8220; custom_margin_phone=&#8220;-37px||37px|46px|false|false&#8220; custom_padding=&#8220;8px||133px|||&#8220; global_colors_info=&#8220;{}&#8220;][et_pb_column type=&#8220;4_4&#8243; _builder_version=&#8220;4.16&#8243; _module_preset=&#8220;default&#8220; global_colors_info=&#8220;{}&#8220;][et_pb_text _builder_version=&#8220;4.18.0&#8243; text_font=&#8220;Acme|700|||||||&#8220; text_text_color=&#8220;#c83280&#8243; text_font_size=&#8220;30px&#8220; text_orientation=&#8220;center&#8220; custom_margin=&#8220;33px||-41px||false|false&#8220; custom_padding=&#8220;29px||32px|||&#8220; global_colors_info=&#8220;{}&#8220;]<\/p>\n<p style=\"text-align: center;\"><span>Termine &amp; Details<\/span><\/p>\n<p>[\/et_pb_text][et_pb_text _builder_version=&#8220;4.19.4&#8243; _module_preset=&#8220;default&#8220; text_font=&#8220;Actor||||||||&#8220; text_orientation=&#8220;center&#8220; custom_margin=&#8220;33px||-98px||false|false&#8220; custom_padding=&#8220;1px|||||&#8220; global_colors_info=&#8220;{}&#8220;]<\/p>\n<p style=\"text-align: center;\"><span style=\"font-size: 15px;\"><\/span>Mittwoch, 05.07.2023 und 12.07.2023<br \/>von 19:00 Uhr &#8211; 21:00 Uhr<\/p>\n<p style=\"text-align: center;\">Donnerstag, 24.08.2023 und 31.08.2023<br \/>von 19.00 Uhr &#8211; 21:00 Uhr<\/p>\n<p style=\"text-align: center;\">Dienstag, 03.10.2023 und 10.10.2023<br \/>von 19.00 Uhr &#8211; 21:00 Uhr<\/p>\n<p style=\"text-align: center;\">Mittwoch, 15.11.2023 und 22.22.2023<br \/>von 19.00 Uhr &#8211; 21:00 Uhr<\/p>\n<p style=\"text-align: center;\">\n<p style=\"text-align: center;\">\n<p style=\"text-align: center;\">Anmeldung und Info <a href=\"https:\/\/lalecheliga.at\/stillberatung\/online-angebote\/\" target=\"_blank\" rel=\"noopener\">hier<\/a><\/p>\n<p>&nbsp;<\/p>\n<p>&nbsp;<\/p>\n<p style=\"text-align: center;\">\n<p>[\/et_pb_text][\/et_pb_column][\/et_pb_row][\/et_pb_section][et_pb_section fb_built=&#8220;1&#8243; _builder_version=&#8220;4.16&#8243; custom_padding=&#8220;||75px|||&#8220; top_divider_style=&#8220;clouds2&#8243; top_divider_color=&#8220;#d8bee2&#8243; bottom_divider_style=&#8220;clouds2&#8243; bottom_divider_color=&#8220;#d8bee2&#8243; global_colors_info=&#8220;{}&#8220;][et_pb_row column_structure=&#8220;3_5,2_5&#8243; _builder_version=&#8220;4.16&#8243; width=&#8220;84.2%&#8220; min_height=&#8220;306px&#8220; custom_margin=&#8220;19px|141px||141px||true&#8220; custom_margin_phone=&#8220;1px|41px||41px|false|true&#8220; custom_padding=&#8220;39px||0px|||&#8220; global_colors_info=&#8220;{}&#8220;][et_pb_column type=&#8220;3_5&#8243; _builder_version=&#8220;4.16&#8243; global_colors_info=&#8220;{}&#8220;][et_pb_text _builder_version=&#8220;4.18.0&#8243; text_font=&#8220;Actor||||||||&#8220; text_font_size=&#8220;16px&#8220; global_colors_info=&#8220;{}&#8220;]<\/p>\n<p><span><\/span><\/p>\n<p><strong>Stillvorbereitung in Neusiedl am See\u00a0<\/strong><\/p>\n<p>Infos zu dieser Veranstaltung folgen in K\u00fcrze!<span><\/span><\/p>\n<p>&nbsp;<\/p>\n<p><span style=\"font-size: 15px;\"><\/span><br \/><span><\/span><\/p>\n<p>[\/et_pb_text][\/et_pb_column][et_pb_column type=&#8220;2_5&#8243; _builder_version=&#8220;4.16&#8243; global_colors_info=&#8220;{}&#8220;][et_pb_image src=&#8220;https:\/\/www.villahase.at\/wp-content\/uploads\/2020\/09\/Stillhase-scaled.jpg&#8220; title_text=&#8220;Stillhase&#8220; _builder_version=&#8220;4.19.0&#8243; _module_preset=&#8220;default&#8220; max_height=&#8220;384px&#8220; custom_margin=&#8220;-26px|||||&#8220; global_colors_info=&#8220;{}&#8220;][\/et_pb_image][\/et_pb_column][\/et_pb_row][et_pb_row _builder_version=&#8220;4.16&#8243; background_color=&#8220;#d8bee2&#8243; min_height_tablet=&#8220;&#8220; min_height_phone=&#8220;139px&#8220; min_height_last_edited=&#8220;on|phone&#8220; custom_margin=&#8220;30px|138px||138px||true&#8220; custom_margin_phone=&#8220;54px|||45px|false|false&#8220; custom_padding=&#8220;3px||22px|||&#8220; border_radii=&#8220;on|10px|10px|10px|10px&#8220; box_shadow_style=&#8220;preset1&#8243; box_shadow_blur=&#8220;10px&#8220; box_shadow_spread=&#8220;2px&#8220; global_colors_info=&#8220;{}&#8220;][et_pb_column type=&#8220;4_4&#8243; _builder_version=&#8220;4.16&#8243; global_colors_info=&#8220;{}&#8220;][et_pb_text _builder_version=&#8220;4.18.0&#8243; text_font=&#8220;Actor||||||||&#8220; text_text_color=&#8220;#c83280&#8243; text_font_size=&#8220;18px&#8220; text_line_height=&#8220;1.8em&#8220; text_orientation=&#8220;center&#8220; max_width=&#8220;100%&#8220; custom_margin=&#8220;-12px||-39px||false|false&#8220; custom_padding=&#8220;||26px|||&#8220; global_colors_info=&#8220;{}&#8220;]<\/p>\n<p><span><\/span><\/p>\n<p><span>In unserer Stillgruppe kommt es zum Austausch von Mutter zu Mutter, Erfahrungen werden geteilt und offene Fragen beantwortet.<\/span><\/p>\n<p>[\/et_pb_text][\/et_pb_column][\/et_pb_row][et_pb_row _builder_version=&#8220;4.16&#8243; _module_preset=&#8220;default&#8220; custom_margin=&#8220;12px|auto||138px||&#8220; custom_margin_phone=&#8220;-37px||37px|46px|false|false&#8220; custom_padding=&#8220;8px||133px|||&#8220; global_colors_info=&#8220;{}&#8220;][et_pb_column type=&#8220;4_4&#8243; _builder_version=&#8220;4.16&#8243; _module_preset=&#8220;default&#8220; global_colors_info=&#8220;{}&#8220;][et_pb_text _builder_version=&#8220;4.18.0&#8243; text_font=&#8220;Acme|700|||||||&#8220; text_text_color=&#8220;#c83280&#8243; text_font_size=&#8220;30px&#8220; text_orientation=&#8220;center&#8220; custom_margin=&#8220;33px||-41px||false|false&#8220; custom_padding=&#8220;29px||32px|||&#8220; global_colors_info=&#8220;{}&#8220;]<\/p>\n<p style=\"text-align: center;\"><span>Termine &amp; Details<\/span><\/p>\n<p>[\/et_pb_text][et_pb_text _builder_version=&#8220;4.19.0&#8243; _module_preset=&#8220;default&#8220; text_font=&#8220;Actor||||||||&#8220; text_orientation=&#8220;center&#8220; custom_margin=&#8220;33px||-98px||false|false&#8220; custom_padding=&#8220;1px|||||&#8220; global_colors_info=&#8220;{}&#8220;]<\/p>\n<p style=\"text-align: center;\"><span style=\"font-size: 15px;\"><\/span>Samstag, 17. 11.2022<br \/>15:00 Uhr &#8211; 18:00 Uhr<\/p>\n<p style=\"text-align: center;\">in Neusiedl am See<\/p>\n<p style=\"text-align: center;\">Unkostenbeitrag:<br \/>\u20ac25,\u2013<br \/>Paar \u20ac30,\u2013<\/p>\n<p style=\"text-align: center;\">Anmeldung unter <a href=\"mailto:post@villahase.at\">post@villahase.at<\/a><\/p>\n<p style=\"text-align: center;\">\n<p>&nbsp;<\/p>\n<p>&nbsp;<\/p>\n<p style=\"text-align: center;\">[\/et_pb_text][\/et_pb_column][\/et_pb_row][\/et_pb_section][et_pb_section fb_built=&#8220;1&#8243; admin_label=&#8220;Zusatzinfo&#8220; _builder_version=&#8220;4.16&#8243; custom_margin=&#8220;||-61px|||&#8220; custom_margin_tablet=&#8220;&#8220; custom_margin_phone=&#8220;1px||-45px||false|false&#8220; custom_margin_last_edited=&#8220;on|phone&#8220; custom_padding=&#8220;55px|||||&#8220; top_divider_style=&#8220;clouds2&#8243; top_divider_color=&#8220;#d8bee2&#8243; top_divider_height=&#8220;97px&#8220; bottom_divider_style=&#8220;clouds&#8220; bottom_divider_color=&#8220;#d8bee2&#8243; global_colors_info=&#8220;{}&#8220; custom_margin__hover_enabled=&#8220;on|desktop&#8220; custom_margin__hover=&#8220;||-61px|||&#8220;][\/et_pb_section]<\/p>\n","protected":false},"excerpt":{"rendered":"<p>StillvorbereitungStillen ist nat\u00fcrlich und einfach \u2013 wenn Du wei\u00dft, wie.Du erf\u00e4hrst:Online Stillvorbereitung in 2 Teilen von La Leche Liga. wie Du dein Baby korrekt anlegst. wie Du erkennst, ob Dein Baby genug Milch bekommt. wie Du Stillh\u00fcrden \u00fcberwinden kannst. was Dir den Alltag erleichtern kann. Auch Papas, Partner*innen, Gro\u00dfeltern und andere sind herzlich willkommen.Sie erfahren, [&hellip;]<\/p>\n","protected":false},"author":1,"featured_media":0,"parent":0,"menu_order":0,"comment_status":"closed","ping_status":"closed","template":"","meta":{"_et_pb_use_builder":"on","_et_pb_old_content":"","_et_gb_content_width":""},"_links":{"self":[{"href":"https:\/\/www.villahase.at\/index.php?rest_route=\/wp\/v2\/pages\/2294"}],"collection":[{"href":"https:\/\/www.villahase.at\/index.php?rest_route=\/wp\/v2\/pages"}],"about":[{"href":"https:\/\/www.villahase.at\/index.php?rest_route=\/wp\/v2\/types\/page"}],"author":[{"embeddable":true,"href":"https:\/\/www.villahase.at\/index.php?rest_route=\/wp\/v2\/users\/1"}],"replies":[{"embeddable":true,"href":"https:\/\/www.villahase.at\/index.php?rest_route=%2Fwp%2Fv2%2Fcomments&post=2294"}],"version-history":[{"count":11,"href":"https:\/\/www.villahase.at\/index.php?rest_route=\/wp\/v2\/pages\/2294\/revisions"}],"predecessor-version":[{"id":2327,"href":"https:\/\/www.villahase.at\/index.php?rest_route=\/wp\/v2\/pages\/2294\/revisions\/2327"}],"wp:attachment":[{"href":"https:\/\/www.villahase.at\/index.php?rest_route=%2Fwp%2Fv2%2Fmedia&parent=2294"}],"curies":[{"name":"wp","href":"https:\/\/api.w.org\/{rel}","templated":true}]}}

<p>[et_pb_section fb_built=&#8220;1&#8243; _builder_version=&#8220;4.16&#8243; custom_padding=&#8220;||75px|||&#8220; top_divider_style=&#8220;clouds2&#8243; top_divider_color=&#8220;#d8bee2&#8243; bottom_divider_style=&#8220;clouds2&#8243; bottom_divider_color=&#8220;#d8bee2&#8243; global_colors_info=&#8220;{}&#8220;][et_pb_row _builder_version=&#8220;4.16&#8243; custom_padding=&#8220;71px|||||&#8220; global_colors_info=&#8220;{}&#8220;][et_pb_column type=&#8220;4_4&#8243; _builder_version=&#8220;4.16&#8243; global_colors_info=&#8220;{}&#8220;][et_pb_text _builder_version=&#8220;4.19.0&#8243; text_font=&#8220;Acme|700|||||||&#8220; text_text_color=&#8220;#c83280&#8243; text_font_size=&#8220;30px&#8220; text_orientation=&#8220;center&#8220; min_height=&#8220;15px&#8220; custom_padding=&#8220;||6px|||&#8220; global_colors_info=&#8220;{}&#8220;]</p>
<p style="text-align: center;"><span>Stillvorbereitung</span></p>
<p>[/et_pb_text][/et_pb_column][/et_pb_row][et_pb_row column_structure=&#8220;3_5,2_5&#8243; _builder_version=&#8220;4.16&#8243; width=&#8220;84.2%&#8220; min_height=&#8220;306px&#8220; custom_margin=&#8220;19px|141px||141px||true&#8220; custom_margin_phone=&#8220;1px|41px||41px|false|true&#8220; custom_padding=&#8220;39px||0px|||&#8220; global_colors_info=&#8220;{}&#8220;][et_pb_column type=&#8220;3_5&#8243; _builder_version=&#8220;4.16&#8243; global_colors_info=&#8220;{}&#8220;][et_pb_text _builder_version=&#8220;4.19.4&#8243; text_font=&#8220;Actor||||||||&#8220; text_font_size=&#8220;16px&#8220; global_colors_info=&#8220;{}&#8220;]</p>
<p><strong>Stillen ist natürlich und einfach – wenn Du weißt, wie.<br />Du erfährst:</p>
<p>Online Stillvorbereitung in 2 Teilen von <a href="https://lalecheliga.at" target="_blank" rel="noopener">La Leche Liga. </a><br /></strong></p>
<ul>
<li>wie Du dein Baby korrekt anlegst.</li>
<li>wie Du erkennst, ob Dein Baby genug Milch bekommt.</li>
<li>wie Du Stillhürden überwinden kannst.</li>
<li>was Dir den Alltag erleichtern kann.</li>
</ul>
<p>Auch Papas, Partner*innen, Großeltern und andere sind herzlich willkommen.<br />Sie erfahren, wie sie die Mamas beim Stillen unterstützen können.</p>
<p>&nbsp;</p>
<p><span style="font-size: 15px;"></span><br /><span></span></p>
<p>[/et_pb_text][/et_pb_column][et_pb_column type=&#8220;2_5&#8243; _builder_version=&#8220;4.16&#8243; global_colors_info=&#8220;{}&#8220;][et_pb_image src=&#8220;https://www.villahase.at/wp-content/uploads/2020/09/Stillhase-scaled.jpg&#8220; title_text=&#8220;Stillhase&#8220; _builder_version=&#8220;4.19.0&#8243; _module_preset=&#8220;default&#8220; max_height=&#8220;384px&#8220; custom_margin=&#8220;-26px|||||&#8220; global_colors_info=&#8220;{}&#8220;][/et_pb_image][/et_pb_column][/et_pb_row][et_pb_row _builder_version=&#8220;4.16&#8243; background_color=&#8220;#d8bee2&#8243; min_height_tablet=&#8220;&#8220; min_height_phone=&#8220;139px&#8220; min_height_last_edited=&#8220;on|phone&#8220; custom_margin=&#8220;30px|138px||138px||true&#8220; custom_margin_phone=&#8220;54px|||45px|false|false&#8220; custom_padding=&#8220;3px||22px|||&#8220; border_radii=&#8220;on|10px|10px|10px|10px&#8220; box_shadow_style=&#8220;preset1&#8243; box_shadow_blur=&#8220;10px&#8220; box_shadow_spread=&#8220;2px&#8220; global_colors_info=&#8220;{}&#8220;][et_pb_column type=&#8220;4_4&#8243; _builder_version=&#8220;4.16&#8243; global_colors_info=&#8220;{}&#8220;][et_pb_text _builder_version=&#8220;4.18.0&#8243; text_font=&#8220;Actor||||||||&#8220; text_text_color=&#8220;#c83280&#8243; text_font_size=&#8220;18px&#8220; text_line_height=&#8220;1.8em&#8220; text_orientation=&#8220;center&#8220; max_width=&#8220;100%&#8220; min_height=&#8220;81px&#8220; custom_margin=&#8220;-12px||-39px||false|false&#8220; global_colors_info=&#8220;{}&#8220;]</p>
<p><span></span></p>
<p><span>In unserer Stillgruppe kommt es zum Austausch von Mutter zu Mutter, Erfahrungen werden geteilt und offene Fragen beantwortet.</span></p>
<p>[/et_pb_text][/et_pb_column][/et_pb_row][et_pb_row _builder_version=&#8220;4.16&#8243; _module_preset=&#8220;default&#8220; custom_margin=&#8220;12px|auto||138px||&#8220; custom_margin_phone=&#8220;-37px||37px|46px|false|false&#8220; custom_padding=&#8220;8px||133px|||&#8220; global_colors_info=&#8220;{}&#8220;][et_pb_column type=&#8220;4_4&#8243; _builder_version=&#8220;4.16&#8243; _module_preset=&#8220;default&#8220; global_colors_info=&#8220;{}&#8220;][et_pb_text _builder_version=&#8220;4.18.0&#8243; text_font=&#8220;Acme|700|||||||&#8220; text_text_color=&#8220;#c83280&#8243; text_font_size=&#8220;30px&#8220; text_orientation=&#8220;center&#8220; custom_margin=&#8220;33px||-41px||false|false&#8220; custom_padding=&#8220;29px||32px|||&#8220; global_colors_info=&#8220;{}&#8220;]</p>
<p style="text-align: center;"><span>Termine &amp; Details</span></p>
<p>[/et_pb_text][et_pb_text _builder_version=&#8220;4.19.4&#8243; _module_preset=&#8220;default&#8220; text_font=&#8220;Actor||||||||&#8220; text_orientation=&#8220;center&#8220; custom_margin=&#8220;33px||-98px||false|false&#8220; custom_padding=&#8220;1px|||||&#8220; global_colors_info=&#8220;{}&#8220;]</p>
<p style="text-align: center;"><span style="font-size: 15px;"></span>Mittwoch, 05.07.2023 und 12.07.2023<br />von 19:00 Uhr &#8211; 21:00 Uhr</p>
<p style="text-align: center;">Donnerstag, 24.08.2023 und 31.08.2023<br />von 19.00 Uhr &#8211; 21:00 Uhr</p>
<p style="text-align: center;">Dienstag, 03.10.2023 und 10.10.2023<br />von 19.00 Uhr &#8211; 21:00 Uhr</p>
<p style="text-align: center;">Mittwoch, 15.11.2023 und 22.22.2023<br />von 19.00 Uhr &#8211; 21:00 Uhr</p>
<p style="text-align: center;">
<p style="text-align: center;">
<p style="text-align: center;">Anmeldung und Info <a href="https://lalecheliga.at/stillberatung/online-angebote/" target="_blank" rel="noopener">hier</a></p>
<p>&nbsp;</p>
<p>&nbsp;</p>
<p style="text-align: center;">
<p>[/et_pb_text][/et_pb_column][/et_pb_row][/et_pb_section][et_pb_section fb_built=&#8220;1&#8243; _builder_version=&#8220;4.16&#8243; custom_padding=&#8220;||75px|||&#8220; top_divider_style=&#8220;clouds2&#8243; top_divider_color=&#8220;#d8bee2&#8243; bottom_divider_style=&#8220;clouds2&#8243; bottom_divider_color=&#8220;#d8bee2&#8243; global_colors_info=&#8220;{}&#8220;][et_pb_row column_structure=&#8220;3_5,2_5&#8243; _builder_version=&#8220;4.16&#8243; width=&#8220;84.2%&#8220; min_height=&#8220;306px&#8220; custom_margin=&#8220;19px|141px||141px||true&#8220; custom_margin_phone=&#8220;1px|41px||41px|false|true&#8220; custom_padding=&#8220;39px||0px|||&#8220; global_colors_info=&#8220;{}&#8220;][et_pb_column type=&#8220;3_5&#8243; _builder_version=&#8220;4.16&#8243; global_colors_info=&#8220;{}&#8220;][et_pb_text _builder_version=&#8220;4.18.0&#8243; text_font=&#8220;Actor||||||||&#8220; text_font_size=&#8220;16px&#8220; global_colors_info=&#8220;{}&#8220;]</p>
<p><span></span></p>
<p><strong>Stillvorbereitung in Neusiedl am See </strong></p>
<p>Infos zu dieser Veranstaltung folgen in Kürze!<span></span></p>
<p>&nbsp;</p>
<p><span style="font-size: 15px;"></span><br /><span></span></p>
<p>[/et_pb_text][/et_pb_column][et_pb_column type=&#8220;2_5&#8243; _builder_version=&#8220;4.16&#8243; global_colors_info=&#8220;{}&#8220;][et_pb_image src=&#8220;https://www.villahase.at/wp-content/uploads/2020/09/Stillhase-scaled.jpg&#8220; title_text=&#8220;Stillhase&#8220; _builder_version=&#8220;4.19.0&#8243; _module_preset=&#8220;default&#8220; max_height=&#8220;384px&#8220; custom_margin=&#8220;-26px|||||&#8220; global_colors_info=&#8220;{}&#8220;][/et_pb_image][/et_pb_column][/et_pb_row][et_pb_row _builder_version=&#8220;4.16&#8243; background_color=&#8220;#d8bee2&#8243; min_height_tablet=&#8220;&#8220; min_height_phone=&#8220;139px&#8220; min_height_last_edited=&#8220;on|phone&#8220; custom_margin=&#8220;30px|138px||138px||true&#8220; custom_margin_phone=&#8220;54px|||45px|false|false&#8220; custom_padding=&#8220;3px||22px|||&#8220; border_radii=&#8220;on|10px|10px|10px|10px&#8220; box_shadow_style=&#8220;preset1&#8243; box_shadow_blur=&#8220;10px&#8220; box_shadow_spread=&#8220;2px&#8220; global_colors_info=&#8220;{}&#8220;][et_pb_column type=&#8220;4_4&#8243; _builder_version=&#8220;4.16&#8243; global_colors_info=&#8220;{}&#8220;][et_pb_text _builder_version=&#8220;4.18.0&#8243; text_font=&#8220;Actor||||||||&#8220; text_text_color=&#8220;#c83280&#8243; text_font_size=&#8220;18px&#8220; text_line_height=&#8220;1.8em&#8220; text_orientation=&#8220;center&#8220; max_width=&#8220;100%&#8220; custom_margin=&#8220;-12px||-39px||false|false&#8220; custom_padding=&#8220;||26px|||&#8220; global_colors_info=&#8220;{}&#8220;]</p>
<p><span></span></p>
<p><span>In unserer Stillgruppe kommt es zum Austausch von Mutter zu Mutter, Erfahrungen werden geteilt und offene Fragen beantwortet.</span></p>
<p>[/et_pb_text][/et_pb_column][/et_pb_row][et_pb_row _builder_version=&#8220;4.16&#8243; _module_preset=&#8220;default&#8220; custom_margin=&#8220;12px|auto||138px||&#8220; custom_margin_phone=&#8220;-37px||37px|46px|false|false&#8220; custom_padding=&#8220;8px||133px|||&#8220; global_colors_info=&#8220;{}&#8220;][et_pb_column type=&#8220;4_4&#8243; _builder_version=&#8220;4.16&#8243; _module_preset=&#8220;default&#8220; global_colors_info=&#8220;{}&#8220;][et_pb_text _builder_version=&#8220;4.18.0&#8243; text_font=&#8220;Acme|700|||||||&#8220; text_text_color=&#8220;#c83280&#8243; text_font_size=&#8220;30px&#8220; text_orientation=&#8220;center&#8220; custom_margin=&#8220;33px||-41px||false|false&#8220; custom_padding=&#8220;29px||32px|||&#8220; global_colors_info=&#8220;{}&#8220;]</p>
<p style="text-align: center;"><span>Termine &amp; Details</span></p>
<p>[/et_pb_text][et_pb_text _builder_version=&#8220;4.19.0&#8243; _module_preset=&#8220;default&#8220; text_font=&#8220;Actor||||||||&#8220; text_orientation=&#8220;center&#8220; custom_margin=&#8220;33px||-98px||false|false&#8220; custom_padding=&#8220;1px|||||&#8220; global_colors_info=&#8220;{}&#8220;]</p>
<p style="text-align: center;"><span style="font-size: 15px;"></span>Samstag, 17. 11.2022<br />15:00 Uhr &#8211; 18:00 Uhr</p>
<p style="text-align: center;">in Neusiedl am See</p>
<p style="text-align: center;">Unkostenbeitrag:<br />€25,–<br />Paar €30,–</p>
<p style="text-align: center;">Anmeldung unter <a href="mailto:post@villahase.at">post@villahase.at</a></p>
<p style="text-align: center;">
<p>&nbsp;</p>
<p>&nbsp;</p>
<p style="text-align: center;">[/et_pb_text][/et_pb_column][/et_pb_row][/et_pb_section][et_pb_section fb_built=&#8220;1&#8243; admin_label=&#8220;Zusatzinfo&#8220; _builder_version=&#8220;4.16&#8243; custom_margin=&#8220;||-61px|||&#8220; custom_margin_tablet=&#8220;&#8220; custom_margin_phone=&#8220;1px||-45px||false|false&#8220; custom_margin_last_edited=&#8220;on|phone&#8220; custom_padding=&#8220;55px|||||&#8220; top_divider_style=&#8220;clouds2&#8243; top_divider_color=&#8220;#d8bee2&#8243; top_divider_height=&#8220;97px&#8220; bottom_divider_style=&#8220;clouds&#8220; bottom_divider_color=&#8220;#d8bee2&#8243; global_colors_info=&#8220;{}&#8220; custom_margin__hover_enabled=&#8220;on|desktop&#8220; custom_margin__hover=&#8220;||-61px|||&#8220;][/et_pb_section]</p>

<p>StillvorbereitungStillen ist natürlich und einfach – wenn Du weißt, wie.Du erfährst:Online Stillvorbereitung in 2 Teilen von La Leche Liga. wie Du dein Baby korrekt anlegst. wie Du erkennst, ob Dein Baby genug Milch bekommt. wie Du Stillhürden überwinden kannst. was Dir den Alltag erleichtern kann. Auch Papas, Partner*innen, Großeltern und andere sind herzlich willkommen.Sie erfahren, [&hellip;]</p>
