{"id":1887,"date":"2020-07-11T10:47:41","date_gmt":"2020-07-11T10:47:41","guid":{"rendered":"https:\/\/transfer.villahase.at\/?page_id=1887"},"modified":"2022-08-24T09:58:28","modified_gmt":"2022-08-24T09:58:28","slug":"impulsvortrag-bindeweisen","status":"publish","type":"page","link":"https:\/\/www.villahase.at\/?page_id=1887","title":{"rendered":"Impulsvortrag Bindeweisen"},"content":{"rendered":"<p>[et_pb_section fb_built=&#8220;1&#8243; _builder_version=&#8220;4.16&#8243; custom_padding=&#8220;||75px|||&#8220; top_divider_style=&#8220;clouds2&#8243; top_divider_color=&#8220;#d8bee2&#8243; bottom_divider_style=&#8220;clouds2&#8243; bottom_divider_color=&#8220;#d8bee2&#8243; global_colors_info=&#8220;{}&#8220;][et_pb_row _builder_version=&#8220;4.16&#8243; custom_padding=&#8220;77px|||||&#8220; global_colors_info=&#8220;{}&#8220;][et_pb_column type=&#8220;4_4&#8243; _builder_version=&#8220;4.16&#8243; global_colors_info=&#8220;{}&#8220;][et_pb_text _builder_version=&#8220;4.18.0&#8243; text_font=&#8220;Acme|700|||||||&#8220; text_text_color=&#8220;#c83280&#8243; text_font_size=&#8220;30px&#8220; text_orientation=&#8220;center&#8220; custom_margin_phone=&#8220;16px||||false|false&#8220; hover_enabled=&#8220;0&#8243; text_line_height_tablet=&#8220;&#8220; text_line_height_phone=&#8220;1.2em&#8220; text_line_height_last_edited=&#8220;on|phone&#8220; global_colors_info=&#8220;{}&#8220; sticky_enabled=&#8220;0&#8243;]<\/p>\n<p style=\"text-align: center;\"><span>Impulsvortag &#8211; Bindeweisen f\u00fcr Schwangere nach FTZ\u00a9Babytragen<\/span><\/p>\n<p>[\/et_pb_text][\/et_pb_column][\/et_pb_row][et_pb_row column_structure=&#8220;3_5,2_5&#8243; _builder_version=&#8220;4.16&#8243; width=&#8220;84.2%&#8220; min_height=&#8220;306px&#8220; custom_margin=&#8220;|135px||135px|false|true&#8220; custom_margin_tablet=&#8220;&#8220; custom_margin_phone=&#8220;|43px||43px|false|true&#8220; custom_margin_last_edited=&#8220;on|tablet&#8220; custom_padding=&#8220;39px||0px|||&#8220; global_colors_info=&#8220;{}&#8220;][et_pb_column type=&#8220;3_5&#8243; _builder_version=&#8220;4.16&#8243; global_colors_info=&#8220;{}&#8220;][et_pb_text _builder_version=&#8220;4.18.0&#8243; text_font=&#8220;Actor||||||||&#8220; text_font_size=&#8220;16px&#8220; hover_enabled=&#8220;0&#8243; global_colors_info=&#8220;{}&#8220; sticky_enabled=&#8220;0&#8243;]<\/p>\n<p><span>Ab dem zweiten Schwangerschaftsdrittel kann man bereits einen h\u00fcbschen Bauch pr\u00e4sentieren. Neben den wachsenden Gl\u00fccksgef\u00fchlen, k\u00f6nnen auch unliebsame Begleiterscheinungen wie R\u00fcckenschmerzen und sp\u00fcrbare Belastungen der Bauchmuskulatur und des Beckenboden auftreten.<\/span><\/p>\n<p><span>Es ist nur nat\u00fcrlich, dass man sich ab dieser Phase etwas Erleichterung w\u00fcnscht, um die Schwangerschaft genie\u00dfen zu k\u00f6nnen.<\/span><br \/><span><\/span><\/p>\n<p><span>Hier k\u00f6nnen diese bew\u00e4hrten Bindeweisen f\u00fcr Schwanger nach FTZ\u00a9Babytragen merklich Linderung schaffen.<\/span><\/p>\n<p><span>Sonja Wermbter hat mit \u00c4rzten und Therapeuten in ihrem Fortbildung und Trainingszentrum diese Art der Schwangerenbindenweise \u00fcber viele Jahre entwickelt. Diese Methoden basieren auf Erfahrung und Fachwissen von Susi Milz (Lana, Schweiz)<\/span><\/p>\n<p><span style=\"font-size: 15px;\"><\/span><br \/><span><\/span><\/p>\n<p>[\/et_pb_text][\/et_pb_column][et_pb_column type=&#8220;2_5&#8243; _builder_version=&#8220;4.16&#8243; global_colors_info=&#8220;{}&#8220;][et_pb_image src=&#8220;https:\/\/transfer.villahase.at\/wp-content\/uploads\/2020\/06\/Margarete-New.png&#8220; title_text=&#8220;Margarete New&#8220; _builder_version=&#8220;4.16&#8243; _module_preset=&#8220;default&#8220; custom_margin_tablet=&#8220;&#8220; custom_margin_phone=&#8220;-81px||9px|-21px|false|false&#8220; custom_margin_last_edited=&#8220;on|phone&#8220; custom_padding=&#8220;37px|||||&#8220; global_colors_info=&#8220;{}&#8220;][\/et_pb_image][\/et_pb_column][\/et_pb_row][et_pb_row _builder_version=&#8220;4.16&#8243; background_color=&#8220;#d8bee2&#8243; custom_margin=&#8220;57px|auto||135px||&#8220; custom_margin_phone=&#8220;52px|auto|-21px|50px|false|false&#8220; custom_padding=&#8220;19px|||||&#8220; border_radii=&#8220;on|10px|10px|10px|10px&#8220; box_shadow_style=&#8220;preset1&#8243; box_shadow_blur=&#8220;10px&#8220; global_colors_info=&#8220;{}&#8220;][et_pb_column type=&#8220;4_4&#8243; _builder_version=&#8220;4.16&#8243; global_colors_info=&#8220;{}&#8220;][et_pb_text _builder_version=&#8220;4.18.0&#8243; text_font=&#8220;Acme||||||||&#8220; text_text_color=&#8220;#c83280&#8243; text_font_size=&#8220;18px&#8220; text_line_height=&#8220;1.8em&#8220; text_orientation=&#8220;center&#8220; max_width=&#8220;100%&#8220; min_height=&#8220;41px&#8220; custom_margin=&#8220;16px||-39px||false|false&#8220; custom_padding=&#8220;||27px|||&#8220; hover_enabled=&#8220;0&#8243; global_colors_info=&#8220;{}&#8220; sticky_enabled=&#8220;0&#8243;]<\/p>\n<p><span>In meinem Impulsvortag werden die Vorteile vom tragen und binden Deines Bauches theoretisch er\u00f6rtert <br \/><\/span><span>um Deine Haltung zu korrigieren und somit die Beschwerden im oberen, mittleren oder\/und unteren R\u00fccken zu lindern, <br \/>in Anbetracht der anatomischen Ver\u00e4nderungen w\u00e4hren der Schwangerschaft.<\/span><\/p>\n<p>[\/et_pb_text][\/et_pb_column][\/et_pb_row][et_pb_row _builder_version=&#8220;4.16&#8243; _module_preset=&#8220;default&#8220; custom_margin=&#8220;12px|auto||auto||&#8220; custom_padding=&#8220;40px||70px|||&#8220; global_colors_info=&#8220;{}&#8220;][et_pb_column type=&#8220;4_4&#8243; _builder_version=&#8220;4.16&#8243; _module_preset=&#8220;default&#8220; global_colors_info=&#8220;{}&#8220;][et_pb_text _builder_version=&#8220;4.18.0&#8243; text_font=&#8220;Acme|700|||||||&#8220; text_text_color=&#8220;#c83280&#8243; text_font_size=&#8220;30px&#8220; text_orientation=&#8220;center&#8220; custom_padding=&#8220;||1px|||&#8220; hover_enabled=&#8220;0&#8243; global_colors_info=&#8220;{}&#8220; sticky_enabled=&#8220;0&#8243;]<\/p>\n<p style=\"text-align: center;\"><span>Termine &amp; Details<\/span><\/p>\n<p>[\/et_pb_text][et_pb_text _builder_version=&#8220;4.18.0&#8243; _module_preset=&#8220;default&#8220; custom_margin=&#8220;33px||-12px||false|false&#8220; custom_margin_phone=&#8220;||16px||false|false&#8220; custom_padding=&#8220;18px|||||&#8220; hover_enabled=&#8220;0&#8243; global_colors_info=&#8220;{}&#8220; text_font=&#8220;Actor||||||||&#8220; sticky_enabled=&#8220;0&#8243;]<\/p>\n<p style=\"text-align: center;\">Falls ihr Interesse an einem Impulsworkshop habt, meldet euch gerne via Email.<\/p>\n<p style=\"text-align: center;\">[\/et_pb_text][\/et_pb_column][\/et_pb_row][\/et_pb_section][et_pb_section fb_built=&#8220;1&#8243; admin_label=&#8220;Zusatzinfo&#8220; _builder_version=&#8220;4.16&#8243; custom_margin=&#8220;||-53px||false|false&#8220; custom_padding=&#8220;55px|1px||||&#8220; top_divider_style=&#8220;clouds2&#8243; top_divider_color=&#8220;#d8bee2&#8243; top_divider_height=&#8220;97px&#8220; bottom_divider_style=&#8220;clouds&#8220; bottom_divider_color=&#8220;#d8bee2&#8243; global_colors_info=&#8220;{}&#8220;][\/et_pb_section]<\/p>\n","protected":false},"excerpt":{"rendered":"<p>Impulsvortag &#8211; Bindeweisen f\u00fcr Schwangere nach FTZ\u00a9BabytragenAb dem zweiten Schwangerschaftsdrittel kann man bereits einen h\u00fcbschen Bauch pr\u00e4sentieren. Neben den wachsenden Gl\u00fccksgef\u00fchlen, k\u00f6nnen auch unliebsame Begleiterscheinungen wie R\u00fcckenschmerzen und sp\u00fcrbare Belastungen der Bauchmuskulatur und des Beckenboden auftreten. Es ist nur nat\u00fcrlich, dass man sich ab dieser Phase etwas Erleichterung w\u00fcnscht, um die Schwangerschaft genie\u00dfen zu k\u00f6nnen. [&hellip;]<\/p>\n","protected":false},"author":1,"featured_media":0,"parent":0,"menu_order":0,"comment_status":"closed","ping_status":"closed","template":"","meta":{"_et_pb_use_builder":"on","_et_pb_old_content":"","_et_gb_content_width":""},"_links":{"self":[{"href":"https:\/\/www.villahase.at\/index.php?rest_route=\/wp\/v2\/pages\/1887"}],"collection":[{"href":"https:\/\/www.villahase.at\/index.php?rest_route=\/wp\/v2\/pages"}],"about":[{"href":"https:\/\/www.villahase.at\/index.php?rest_route=\/wp\/v2\/types\/page"}],"author":[{"embeddable":true,"href":"https:\/\/www.villahase.at\/index.php?rest_route=\/wp\/v2\/users\/1"}],"replies":[{"embeddable":true,"href":"https:\/\/www.villahase.at\/index.php?rest_route=%2Fwp%2Fv2%2Fcomments&post=1887"}],"version-history":[{"count":20,"href":"https:\/\/www.villahase.at\/index.php?rest_route=\/wp\/v2\/pages\/1887\/revisions"}],"predecessor-version":[{"id":2246,"href":"https:\/\/www.villahase.at\/index.php?rest_route=\/wp\/v2\/pages\/1887\/revisions\/2246"}],"wp:attachment":[{"href":"https:\/\/www.villahase.at\/index.php?rest_route=%2Fwp%2Fv2%2Fmedia&parent=1887"}],"curies":[{"name":"wp","href":"https:\/\/api.w.org\/{rel}","templated":true}]}}

<p>[et_pb_section fb_built=&#8220;1&#8243; _builder_version=&#8220;4.16&#8243; custom_padding=&#8220;||75px|||&#8220; top_divider_style=&#8220;clouds2&#8243; top_divider_color=&#8220;#d8bee2&#8243; bottom_divider_style=&#8220;clouds2&#8243; bottom_divider_color=&#8220;#d8bee2&#8243; global_colors_info=&#8220;{}&#8220;][et_pb_row _builder_version=&#8220;4.16&#8243; custom_padding=&#8220;77px|||||&#8220; global_colors_info=&#8220;{}&#8220;][et_pb_column type=&#8220;4_4&#8243; _builder_version=&#8220;4.16&#8243; global_colors_info=&#8220;{}&#8220;][et_pb_text _builder_version=&#8220;4.18.0&#8243; text_font=&#8220;Acme|700|||||||&#8220; text_text_color=&#8220;#c83280&#8243; text_font_size=&#8220;30px&#8220; text_orientation=&#8220;center&#8220; custom_margin_phone=&#8220;16px||||false|false&#8220; hover_enabled=&#8220;0&#8243; text_line_height_tablet=&#8220;&#8220; text_line_height_phone=&#8220;1.2em&#8220; text_line_height_last_edited=&#8220;on|phone&#8220; global_colors_info=&#8220;{}&#8220; sticky_enabled=&#8220;0&#8243;]</p>
<p style="text-align: center;"><span>Impulsvortag &#8211; Bindeweisen für Schwangere nach FTZ©Babytragen</span></p>
<p>[/et_pb_text][/et_pb_column][/et_pb_row][et_pb_row column_structure=&#8220;3_5,2_5&#8243; _builder_version=&#8220;4.16&#8243; width=&#8220;84.2%&#8220; min_height=&#8220;306px&#8220; custom_margin=&#8220;|135px||135px|false|true&#8220; custom_margin_tablet=&#8220;&#8220; custom_margin_phone=&#8220;|43px||43px|false|true&#8220; custom_margin_last_edited=&#8220;on|tablet&#8220; custom_padding=&#8220;39px||0px|||&#8220; global_colors_info=&#8220;{}&#8220;][et_pb_column type=&#8220;3_5&#8243; _builder_version=&#8220;4.16&#8243; global_colors_info=&#8220;{}&#8220;][et_pb_text _builder_version=&#8220;4.18.0&#8243; text_font=&#8220;Actor||||||||&#8220; text_font_size=&#8220;16px&#8220; hover_enabled=&#8220;0&#8243; global_colors_info=&#8220;{}&#8220; sticky_enabled=&#8220;0&#8243;]</p>
<p><span>Ab dem zweiten Schwangerschaftsdrittel kann man bereits einen hübschen Bauch präsentieren. Neben den wachsenden Glücksgefühlen, können auch unliebsame Begleiterscheinungen wie Rückenschmerzen und spürbare Belastungen der Bauchmuskulatur und des Beckenboden auftreten.</span></p>
<p><span>Es ist nur natürlich, dass man sich ab dieser Phase etwas Erleichterung wünscht, um die Schwangerschaft genießen zu können.</span><br /><span></span></p>
<p><span>Hier können diese bewährten Bindeweisen für Schwanger nach FTZ©Babytragen merklich Linderung schaffen.</span></p>
<p><span>Sonja Wermbter hat mit Ärzten und Therapeuten in ihrem Fortbildung und Trainingszentrum diese Art der Schwangerenbindenweise über viele Jahre entwickelt. Diese Methoden basieren auf Erfahrung und Fachwissen von Susi Milz (Lana, Schweiz)</span></p>
<p><span style="font-size: 15px;"></span><br /><span></span></p>
<p>[/et_pb_text][/et_pb_column][et_pb_column type=&#8220;2_5&#8243; _builder_version=&#8220;4.16&#8243; global_colors_info=&#8220;{}&#8220;][et_pb_image src=&#8220;https://transfer.villahase.at/wp-content/uploads/2020/06/Margarete-New.png&#8220; title_text=&#8220;Margarete New&#8220; _builder_version=&#8220;4.16&#8243; _module_preset=&#8220;default&#8220; custom_margin_tablet=&#8220;&#8220; custom_margin_phone=&#8220;-81px||9px|-21px|false|false&#8220; custom_margin_last_edited=&#8220;on|phone&#8220; custom_padding=&#8220;37px|||||&#8220; global_colors_info=&#8220;{}&#8220;][/et_pb_image][/et_pb_column][/et_pb_row][et_pb_row _builder_version=&#8220;4.16&#8243; background_color=&#8220;#d8bee2&#8243; custom_margin=&#8220;57px|auto||135px||&#8220; custom_margin_phone=&#8220;52px|auto|-21px|50px|false|false&#8220; custom_padding=&#8220;19px|||||&#8220; border_radii=&#8220;on|10px|10px|10px|10px&#8220; box_shadow_style=&#8220;preset1&#8243; box_shadow_blur=&#8220;10px&#8220; global_colors_info=&#8220;{}&#8220;][et_pb_column type=&#8220;4_4&#8243; _builder_version=&#8220;4.16&#8243; global_colors_info=&#8220;{}&#8220;][et_pb_text _builder_version=&#8220;4.18.0&#8243; text_font=&#8220;Acme||||||||&#8220; text_text_color=&#8220;#c83280&#8243; text_font_size=&#8220;18px&#8220; text_line_height=&#8220;1.8em&#8220; text_orientation=&#8220;center&#8220; max_width=&#8220;100%&#8220; min_height=&#8220;41px&#8220; custom_margin=&#8220;16px||-39px||false|false&#8220; custom_padding=&#8220;||27px|||&#8220; hover_enabled=&#8220;0&#8243; global_colors_info=&#8220;{}&#8220; sticky_enabled=&#8220;0&#8243;]</p>
<p><span>In meinem Impulsvortag werden die Vorteile vom tragen und binden Deines Bauches theoretisch erörtert <br /></span><span>um Deine Haltung zu korrigieren und somit die Beschwerden im oberen, mittleren oder/und unteren Rücken zu lindern, <br />in Anbetracht der anatomischen Veränderungen währen der Schwangerschaft.</span></p>
<p>[/et_pb_text][/et_pb_column][/et_pb_row][et_pb_row _builder_version=&#8220;4.16&#8243; _module_preset=&#8220;default&#8220; custom_margin=&#8220;12px|auto||auto||&#8220; custom_padding=&#8220;40px||70px|||&#8220; global_colors_info=&#8220;{}&#8220;][et_pb_column type=&#8220;4_4&#8243; _builder_version=&#8220;4.16&#8243; _module_preset=&#8220;default&#8220; global_colors_info=&#8220;{}&#8220;][et_pb_text _builder_version=&#8220;4.18.0&#8243; text_font=&#8220;Acme|700|||||||&#8220; text_text_color=&#8220;#c83280&#8243; text_font_size=&#8220;30px&#8220; text_orientation=&#8220;center&#8220; custom_padding=&#8220;||1px|||&#8220; hover_enabled=&#8220;0&#8243; global_colors_info=&#8220;{}&#8220; sticky_enabled=&#8220;0&#8243;]</p>
<p style="text-align: center;"><span>Termine &amp; Details</span></p>
<p>[/et_pb_text][et_pb_text _builder_version=&#8220;4.18.0&#8243; _module_preset=&#8220;default&#8220; custom_margin=&#8220;33px||-12px||false|false&#8220; custom_margin_phone=&#8220;||16px||false|false&#8220; custom_padding=&#8220;18px|||||&#8220; hover_enabled=&#8220;0&#8243; global_colors_info=&#8220;{}&#8220; text_font=&#8220;Actor||||||||&#8220; sticky_enabled=&#8220;0&#8243;]</p>
<p style="text-align: center;">Falls ihr Interesse an einem Impulsworkshop habt, meldet euch gerne via Email.</p>
<p style="text-align: center;">[/et_pb_text][/et_pb_column][/et_pb_row][/et_pb_section][et_pb_section fb_built=&#8220;1&#8243; admin_label=&#8220;Zusatzinfo&#8220; _builder_version=&#8220;4.16&#8243; custom_margin=&#8220;||-53px||false|false&#8220; custom_padding=&#8220;55px|1px||||&#8220; top_divider_style=&#8220;clouds2&#8243; top_divider_color=&#8220;#d8bee2&#8243; top_divider_height=&#8220;97px&#8220; bottom_divider_style=&#8220;clouds&#8220; bottom_divider_color=&#8220;#d8bee2&#8243; global_colors_info=&#8220;{}&#8220;][/et_pb_section]</p>

<p>Impulsvortag &#8211; Bindeweisen für Schwangere nach FTZ©BabytragenAb dem zweiten Schwangerschaftsdrittel kann man bereits einen hübschen Bauch präsentieren. Neben den wachsenden Glücksgefühlen, können auch unliebsame Begleiterscheinungen wie Rückenschmerzen und spürbare Belastungen der Bauchmuskulatur und des Beckenboden auftreten. Es ist nur natürlich, dass man sich ab dieser Phase etwas Erleichterung wünscht, um die Schwangerschaft genießen zu können. [&hellip;]</p>
